= k**3 - 78*k**2 - 512*k + 165. Determine v(84).
-507
Let z(a) = 38428*a + 960876. Calculate z(-25).
176
Let w(v) = -29*v**3 + 174*v + 517. What is w(-3)?
778
Let a(q) = q**3 + 1340*q**2 + 8038*q + 203. What is a(-6)?
-1
Let i(x) = 471*x**2 + 2422*x + 323. Give i(-5).
-12
Let v(u) = 1158976*u - 26656447. Give v(23).
1
Let v(y) = -269*y**2 + 3258*y + 16. What is v(14)?
-7096
Let i(m) = 84*m**2 + 261*m + 10. What is i(-4)?
310
Let z(y) = 7016*y - 1494412. What is z(213)?
-4
Let w(r) = -2792*r + 6972. What is w(3)?
-1404
Let u(s) = -s**2 - 2052*s - 20525. What is u(-10)?
-105
Let l(h) = -48*h + 3290. Determine l(76).
-358
Let d(t) = t - 1432. Determine d(-2).
-1434
Let k(f) = -221*f**3 - 22*f**2 + 27*f - 17. Give k(2).
-1819
Let v(s) = 47*s + 5411. Determine v(-115).
6
Let b(n) = n**2 - 1103*n - 14487. Calculate b(-13).
21
Let z(f) = -2*f**3 + 382*f**2 - 1468*f + 656. Calculate z(187).
5892
Let s(q) = q**3 - 195*q**2 + 158*q + 6984. Give s(194).
0
Let h(z) = -z**3 - 43*z**2 + 2185*z + 55. What is h(30)?
-95
Let p(i) = -11*i**2 - 406*i + 1014. Determine p(-38).
558
Let m(x) = 3052*x + 121674. Give m(-40).
-406
Let z(a) = -a**3 + 10*a**2 + 636*a - 3248. Calculate z(5).
57
Let y(n) = 2*n**3 - 38*n**2 + 240*n - 1071. Calculate y(13).
21
Let x(f) = 2*f**2 + 596*f - 946. Determine x(0).
-946
Let a(i) = -5051*i + 45366. What is a(9)?
-93
Let r(m) = -1954*m + 152392. What is r(78)?
-20
Let h(v) = -190070*v + 1520559. Calculate h(8).
-1
Let z(m) = -132*m - 1967. Give z(-17).
277
Let x(o) = -823*o + 107010. Determine x(130).
20
Let h(k) = -3114*k + 87055. Calculate h(28).
-137
Let a(i) = 3*i**3 + 364*i**2 + 839*i + 711. Determine a(-119).
-3
Let x(l) = 4*l**3 - 80*l**2 - 657*l - 112. Determine x(-6).
86
Let d(w) = 4*w**2 + 7218*w + 135670. Give d(-19).
-28
Let d(p) = 34*p**2 + 6788*p - 136031. What is d(-218)?
1
Let x(j) = 2*j**3 + 183*j**2 + 275*j + 407. What is x(-90)?
-43
Let v(u) = -u**3 - 105*u**2 + 522*u + 44122. Calculate v(-106).
26
Let h(f) = -12640*f - 682598. Determine h(-54).
-38
Let y(u) = u**3 - 449*u**2 - 540*u + 40492. Determine y(450).
-8
Let j(a) = -2117*a**2 + 52933*a + 40. What is j(25)?
240
Let j(s) = 3*s**2 + 195*s - 1663. Calculate j(8).
89
Let i(j) = 623*j - 58074. Calculate i(93).
-135
Let m(o) = -o**2 + 1267*o + 10105. Calculate m(-8).
-95
Let f(m) = -m**3 + 35*m**2 - 142*m + 306. Calculate f(30).
546
Let q(j) = 27*j**2 + 873*j - 176. What is q(-32)?
-464
Let u(a) = -787*a - 7441. What is u(-9)?
-358
Let z(d) = 15*d**2 + 102745*d + 205489. Determine z(-2).
59
Let t(c) = -18*c**3 + 5*c**2 - 23*c + 37. Calculate t(-4).
1361
Let x(j) = 6*j**2 - 220*j - 90. Calculate x(37).
-16
Let v(z) = z**3 - 160*z**2 - 62220*z - 8205. Determine v(342).
3
Let u(n) = 1251*n - 211434. Give u(169).
-15
Let i(x) = x**2 + 140*x + 695. Determine i(-18).
-1501
Let v(r) = -3*r**2 + 173*r - 647. Give v(26).
1823
Let g(i) = -22*i**2 - 179*i + 5236. Give g(12).
-80
Let t(o) = -o**3 - 11*o**2 + 102*o + 1279. What is t(-19)?
2229
Let l(a) = -a**2 - 41300*a - 454175. Calculate l(-11).
4
Let s(y) = 1997*y - 16057. Calculate s(8).
-81
Let f(j) = 174*j**2 + 77427*j - 1359. Calculate f(-445).
-24
Let v(k) = 4736*k - 165849. What is v(35)?
-89
Let j(s) = -81488*s - 81482. Determine j(-1).
6
Let v(z) = -2798*z - 470066. Determine v(-168).
-2
Let u(k) = -6*k**2 - 7674*k - 84182. Determine u(-11).
-494
Let s(c) = c**3 - 4*c**2 - 177*c + 1718. What is s(10)?
548
Let s(p) = -406*p - 1704. What is s(-5)?
326
Let t(s) = s**3 + 202*s**2 - 2155*s + 336. Calculate t(10).
-14
Let f(d) = -173323*d - 71582405. Calculate f(-413).
-6
Let m(o) = 6*o**2 - 461*o - 29948. Give m(-42).
-2
Let m(c) = 3*c**3 + 12*c**2 + 250*c + 1030. Determine m(-4).
30
Let h(a) = 28326*a - 736516. Determine h(26).
-40
Let r(u) = -u**3 - 61*u**2 + 1130*u - 219. Give r(16).
-1851
Let o(t) = 2*t**3 - 4*t**2 - 487*t - 51. Give o(-16).
-1475
Let s(f) = -f**3 - 15*f**2 - 11*f + 150. Determine s(-12).
-150
Let x(u) = -2870*u + 154983. Calculate x(54).
3
Let h(l) = l**2 - 5471*l - 43730. Determine h(-8).
102
Let m(c) = -15*c**2 + 127*c + 123. What is m(9)?
51
Let p(v) = v**3 - 126*v**2 + 128*v + 14874. Give p(124).
-6
Let c(l) = l**3 + 70*l**2 + 358*l + 10143. Calculate c(-67).
-376
Let c(x) = 51*x**2 - 383*x - 104. Give c(8).
96
Let f(k) = -283*k + 2213. Calculate f(8).
-51
Let y(g) = -6*g**2 + 1419*g - 41016. Calculate y(203).
-213
Let a(x) = -5*x**3 - 187*x**2 - 148*x + 40. Determine a(-1).
6
Let u(m) = -3286*m - 3614625. Determine u(-1100).
-25
Let i(j) = 15*j**3 - 766*j**2 - 103*j + 7844. Calculate i(51).
-10
Let c(n) = -3*n**3 + 66*n**2 + 876*n - 27. Calculate c(-12).
4149
Let d(u) = 2623*u - 233441. Give d(89).
6
Let h(w) = 83984*w - 755849. What is h(9)?
7
Let l(h) = -h**2 + 79629*h - 557348. What is l(7)?
6
Let o(s) = 6*s**2 + 4*s - 45. Give o(-12).
771
Let c(i) = 5*i**2 - 613*i + 18592. Determine c(67).
-34
Let d(f) = -5719*f + 5290042. Give d(925).
-33
Let g(t) = 14900*t - 2994882. Determine g(201).
18
Let p(y) = 178*y + 1953. Determine p(-11).
-5
Let v(z) = -156*z**2 + 1458*z - 39. Give v(8).
1641
Let m(k) = -k**3 - 78*k**2 + 119*k + 1509. Determine m(-79).
-1651
Let y(v) = v**2 + 1847*v + 88130. Determine y(-49).
28
Let g(d) = -216*d - 2651. Give g(-12).
-59
Let b(g) = 117*g - 6721. Determine b(65).
884
Let q(u) = -451*u**2 + 1526*u + 3056. Determine q(-2).
-1800
Let t(c) = -12731*c + 1705961. Give t(134).
7
Let x(f) = -f**2 - 86*f + 6482. What is x(-139)?
-885
Let f(q) = -862929*q - 4314631. What is f(-5)?
14
Let k(p) = -732*p**2 - 674*p - 17. What is k(-1)?
-75
Let j(y) = 2276*y + 325467. Calculate j(-143).
-1
Let q(v) = 150824*v + 6334630. What is q(-42)?
22
Let u(v) = -15496*v + 666365. Calculate u(43).
37
Let c(x) = -x**2 - 128*x - 3233. Determine c(-77).
694
Let v(h) = 571*h + 35409. Determine v(-60).
1149
Let q(o) = -22842*o - 65. What is q(0)?
-65
Let w(h) = 33*h + 3601. Give w(-78).
1027
Let o(i) = 830*i - 869. What is o(3)?
1621
Let y(r) = -2018*r - 68618. Determine y(-34).
-6
Let r(c) = -859*c - 303216. Give r(-353).
11
Let d(v) = -132*v**3 - 3703*v**2 - 207*v - 336. Calculate d(-28).
-28
Let q(d) = 14*d**2 + 4943*d + 24703. Determine q(-348).
-5
Let o(d) = -d**3 - 8*d**2 - 405*d - 2801. Give o(-7).
-15
Let o(j) = 26971*j - 10222022. Calculate o(379).
-13
Let y(q) = -2*q**3 + 363*q**2 - 1107*q + 167605. Determine y(181).
-1
Let i(b) = 42793*b**2 + 2738753*b + 64. Calculate i(-64).
0
Let z(x) = 3*x**2 - 810*x + 43811. Determine z(75).
-64
Let r(s) = 2*s**3 + 98*s**2 - 4*s + 852. Give r(-49).
1048
Let v(y) = -8*y**3 - 18*y**2 + 66*y - 36. Calculate v(-4).
-76
Let u(q) = -q**2 + 34*q + 748. Determine u(-16).
-52
Let b(h) = -2*h**3 - 6*h**2 + 20*h - 66. Calculate b(4).
-210
Let j(i) = 18044*i - 1714185. What is j(95)?
-5
Let a(v) = 5456*v + 65508. Give a(-12).
36
Let l(p) = 2*p**3 + 133*p**2 - 341*p + 108. Calculate l(-69).
-168
Let f(k) = -26*k**2 + 794*k + 122. Give f(30).
542
Let k(a) = -303*a**3 - 4*a**2 - 54*a - 48. Calculate k(-1).
305
Let z(r) = r**3 - 95*r**2 - 4157*r + 2126. Calculate z(-33).
-85
Let f(h) = h**3 + 303*h**2 - 8564*h - 3315. Calculate f(-329).
-25
Let d(j) = -j**3 - 357*j**2 - 25701*j - 256. Give d(-257).
1
Let z(t) = -566*t**2 + 3843*t + 29. Calculate z(7).
-804
Let a(h) = -h**3 + 32*h**2 - 309*h + 2747. Give a(24).
-61
Let c(s) = s**2 - 149*s - 748. Give c(152).
-292
Let m(t) = -3*t**2 + 262*t + 11955. Calculate m(120).
195
Let o(h) = -4911*h - 14500. Determine o(-3).
233
Let i(g) = -2491*g - 9583. Determine i(-4).
381
Let u(j) = -15*j**2 + 286*j + 191. Give u(19).
210
Let m(l) = 820*l**2 + 229601*l + 272. Determine m(-280).
-8
Let z(j) = -54*j + 4957. Calculate z(89).
151
Let j(o) = -416442*o - 832888. What is j(-2)?
-4
Let a(m) = m**2 - 74*m - 994. Give a(74).
-994
Let k(z) = 413*z + 126624. Give k(-308).
-580
Let f(i) = -i**2 - 1246550*i - 11218877. Calculate f(-9).
-8
Let k(q) = -q**3 + 71*q**2 - 283*q + 1104. Calculate k(67).
99
Let f(b) = b**3 + 21*b**2 + 37*b + 57. Determine f(-16).
745
Let w(n) = -141484*n + 141478. Determine w(1).
-6
Let p(m) = -6797*m - 1053600. Determine p(-155).
-65
Let r(b) = 207*b + 69342. What is r(-335)?
-3
Let b(j) = 2*j**3 + 86*j**2 + 369*j - 2193. Give b(-9).
-6
Let z(w) = 33*w**2 + 12*w - 135. Calculate z(8).
2073
Let f(p) = 